{"id":416,"date":"2026-03-03T16:17:10","date_gmt":"2026-03-03T16:17:10","guid":{"rendered":"https:\/\/infolink-software.de\/?page_id=416"},"modified":"2026-03-03T16:17:10","modified_gmt":"2026-03-03T16:17:10","slug":"impressum","status":"publish","type":"page","link":"https:\/\/infolink-software.de\/index.php\/impressum\/","title":{"rendered":"Impressum"},"content":{"rendered":"<p>Hinweise f\u00fcr Kunden und Besucher der Infolink Webseite<br \/>\nUnser Unternehmen r\u00e4umt der Einhaltung der deutschen und europ\u00e4ischen Datenschutzvorschriften h\u00f6chste Priorit\u00e4t ein. Dar\u00fcber hinaus bem\u00fchen wir uns nicht nur, den gesetzlichen Regelungen zum Datenschutz zu gen\u00fcgen, sondern versuchen au\u00dferdem, die Empfehlungen anerkannter Gremien der freiwilligen Selbstkontrolle im Bereich des Datenschutzes zu implementieren.<br \/>\nDie Infolink GmbH beh\u00e4lt sich zudem das Recht vor, Server seiner ausl\u00e4ndischen Kunden auch au\u00dferhalb des Hoheitsgebiets der Staaten der Europ\u00e4ischen Gemeinschaft zu betreiben. Die Infolink GmbH garantiert dabei, dass die auf diesen Servern gespeicherten Daten denselben Schutzstandard genie\u00dfen, der innerhalb der Europ\u00e4ischen Gemeinschaft und Deutschland gilt.<br \/>\nF\u00fcr weitere Fragen oder Hinweise zum Datenschutz schicken Sie uns bitte eine E-Mail an info(at)infolink.de.<br \/>\nWeitere Informationen zum Thema Datenschutz bei der Infolink GmbH finden Sie hier.<br \/>\nWir danken Ihnen f\u00fcr Ihre Unterst\u00fctzung und w\u00fcnschen viel Spa\u00df beim Besuch unserer Website!<\/p>\n<p>Herausgeber<br \/>\nInfolink GmbH<\/p>\n<p>Amtsgericht Stuttgart<br \/>\nHRB 24647<br \/>\nUST-DE814077297<\/p>\n<p>Gesch\u00e4ftsf\u00fchrung:<br \/>\nDenis Bodner<\/p>\n<p>Roteb\u00fchlstrasse 102<\/p>\n","protected":false},"excerpt":{"rendered":"<p>Hinweise f\u00fcr Kunden und Besucher der Infolink Webseite Unser Unternehmen r\u00e4umt der Einhaltung der deutschen und europ\u00e4ischen Datenschutzvorschriften h\u00f6chste Priorit\u00e4t ein. Dar\u00fcber hinaus bem\u00fchen wir uns nicht nur, den gesetzlichen Regelungen zum Datenschutz zu gen\u00fcgen, sondern versuchen au\u00dferdem, die Empfehlungen anerkannter Gremien der freiwilligen Selbstkontrolle im Bereich des Datenschutzes zu implementieren. Die Infolink GmbH beh\u00e4lt [&hellip;]<\/p>\n","protected":false},"author":1,"featured_media":0,"parent":0,"menu_order":0,"comment_status":"closed","ping_status":"closed","template":"one-page-template.php","meta":{"footnotes":""},"class_list":["post-416","page","type-page","status-publish","hentry"],"_links":{"self":[{"href":"https:\/\/infolink-software.de\/index.php\/wp-json\/wp\/v2\/pages\/416","targetHints":{"allow":["GET"]}}],"collection":[{"href":"https:\/\/infolink-software.de\/index.php\/wp-json\/wp\/v2\/pages"}],"about":[{"href":"https:\/\/infolink-software.de\/index.php\/wp-json\/wp\/v2\/types\/page"}],"author":[{"embeddable":true,"href":"https:\/\/infolink-software.de\/index.php\/wp-json\/wp\/v2\/users\/1"}],"replies":[{"embeddable":true,"href":"https:\/\/infolink-software.de\/index.php\/wp-json\/wp\/v2\/comments?post=416"}],"version-history":[{"count":1,"href":"https:\/\/infolink-software.de\/index.php\/wp-json\/wp\/v2\/pages\/416\/revisions"}],"predecessor-version":[{"id":417,"href":"https:\/\/infolink-software.de\/index.php\/wp-json\/wp\/v2\/pages\/416\/revisions\/417"}],"wp:attachment":[{"href":"https:\/\/infolink-software.de\/index.php\/wp-json\/wp\/v2\/media?parent=416"}],"curies":[{"name":"wp","href":"https:\/\/api.w.org\/{rel}","templated":true}]}}